{"id":27863,"date":"2024-10-15T08:27:05","date_gmt":"2024-10-15T06:27:05","guid":{"rendered":"https:\/\/protectionmobile.com.ar\/?product=superior-pm-cs11"},"modified":"2024-10-20T01:26:47","modified_gmt":"2024-10-19T23:26:47","slug":"superior-pm-cs11","status":"publish","type":"product","link":"https:\/\/protectionmobile.com.ar\/?product=superior-pm-cs11","title":{"rendered":"SUPERIOR PM-CS11"},"content":{"rendered":"<p>Elev\u00e1 tu experiencia musical con los auriculares Mobile Superior. Con un dise\u00f1o intraauricular, se adaptan perfectamente a tus o\u00eddos, brindando un ajuste c\u00f3modo y seguro. Disfrut\u00e1 de un sonido de alta calidad, con graves profundos y agudos n\u00edtidos que te har\u00e1n sentir cada nota. Adem\u00e1s, cuentan con un micr\u00f3fono incorporado para que tus llamadas sean cristalinas y controles en l\u00ednea que permiten gestionar tu m\u00fasica y llamadas de manera sencilla. Son compatibles con los dispositivos que tengan un puerto USB-C y 3.5mm.<\/p>\n","protected":false},"excerpt":{"rendered":"<p>Elev\u00e1 tu experiencia musical con los auriculares Mobile Superior. Con un dise\u00f1o intraauricular, se adaptan perfectamente a tus o\u00eddos, brindando<\/p>\n","protected":false},"featured_media":27920,"template":"","meta":{"_joinchat":[]},"product_brand":[],"product_cat":[85,87],"product_tag":[],"class_list":{"0":"post-27863","1":"product","2":"type-product","3":"status-publish","4":"has-post-thumbnail","6":"product_cat-auriculares","7":"product_cat-earphones","9":"first","10":"instock","11":"virtual","12":"product-type-simple"},"_links":{"self":[{"href":"https:\/\/protectionmobile.com.ar\/index.php?rest_route=\/wp\/v2\/product\/27863","targetHints":{"allow":["GET"]}}],"collection":[{"href":"https:\/\/protectionmobile.com.ar\/index.php?rest_route=\/wp\/v2\/product"}],"about":[{"href":"https:\/\/protectionmobile.com.ar\/index.php?rest_route=\/wp\/v2\/types\/product"}],"version-history":[{"count":2,"href":"https:\/\/protectionmobile.com.ar\/index.php?rest_route=\/wp\/v2\/product\/27863\/revisions"}],"predecessor-version":[{"id":28490,"href":"https:\/\/protectionmobile.com.ar\/index.php?rest_route=\/wp\/v2\/product\/27863\/revisions\/28490"}],"wp:featuredmedia":[{"embeddable":true,"href":"https:\/\/protectionmobile.com.ar\/index.php?rest_route=\/wp\/v2\/media\/27920"}],"wp:attachment":[{"href":"https:\/\/protectionmobile.com.ar\/index.php?rest_route=%2Fwp%2Fv2%2Fmedia&parent=27863"}],"wp:term":[{"taxonomy":"product_brand","embeddable":true,"href":"https:\/\/protectionmobile.com.ar\/index.php?rest_route=%2Fwp%2Fv2%2Fproduct_brand&post=27863"},{"taxonomy":"product_cat","embeddable":true,"href":"https:\/\/protectionmobile.com.ar\/index.php?rest_route=%2Fwp%2Fv2%2Fproduct_cat&post=27863"},{"taxonomy":"product_tag","embeddable":true,"href":"https:\/\/protectionmobile.com.ar\/index.php?rest_route=%2Fwp%2Fv2%2Fproduct_tag&post=27863"}],"curies":[{"name":"wp","href":"https:\/\/api.w.org\/{rel}","templated":true}]}}