{"id":27861,"date":"2024-10-15T08:27:05","date_gmt":"2024-10-15T06:27:05","guid":{"rendered":"https:\/\/protectionmobile.com.ar\/?product=extrabass"},"modified":"2024-10-20T01:27:22","modified_gmt":"2024-10-19T23:27:22","slug":"extrabass","status":"publish","type":"product","link":"https:\/\/protectionmobile.com.ar\/?product=extrabass","title":{"rendered":"EXTRABASS"},"content":{"rendered":"<p>\u00abEstos aud\u00edfonos cuentan con almohadillas ergon\u00f3micas para un uso c\u00f3modo y prolongado. Son compatibles con una amplia gama de dispositivos, incluyendo laptops, PCs, tablets, smartphones iOS y Android, y reproductores MP3, gracias a su conector universal de 3.5mm.<\/p>\n<p>Adem\u00e1s, poseen una funci\u00f3n para contestar llamadas de manera manos libres, facilitando su uso en diversas situaciones. El cable auxiliar integrado de 1.2m permite usarlos como diadema de PC con micr\u00f3fono integrado, ideal para comunicaciones claras y sin interrupciones.\u00bb<\/p>\n","protected":false},"excerpt":{"rendered":"<p>\u00abEstos aud\u00edfonos cuentan con almohadillas ergon\u00f3micas para un uso c\u00f3modo y prolongado. Son compatibles con una amplia gama de dispositivos,<\/p>\n","protected":false},"featured_media":27927,"template":"","meta":{"_joinchat":[]},"product_brand":[],"product_cat":[85,86],"product_tag":[],"class_list":{"0":"post-27861","1":"product","2":"type-product","3":"status-publish","4":"has-post-thumbnail","6":"product_cat-auriculares","7":"product_cat-headphones","9":"first","10":"instock","11":"virtual","12":"product-type-simple"},"_links":{"self":[{"href":"https:\/\/protectionmobile.com.ar\/index.php?rest_route=\/wp\/v2\/product\/27861","targetHints":{"allow":["GET"]}}],"collection":[{"href":"https:\/\/protectionmobile.com.ar\/index.php?rest_route=\/wp\/v2\/product"}],"about":[{"href":"https:\/\/protectionmobile.com.ar\/index.php?rest_route=\/wp\/v2\/types\/product"}],"version-history":[{"count":2,"href":"https:\/\/protectionmobile.com.ar\/index.php?rest_route=\/wp\/v2\/product\/27861\/revisions"}],"predecessor-version":[{"id":28493,"href":"https:\/\/protectionmobile.com.ar\/index.php?rest_route=\/wp\/v2\/product\/27861\/revisions\/28493"}],"wp:featuredmedia":[{"embeddable":true,"href":"https:\/\/protectionmobile.com.ar\/index.php?rest_route=\/wp\/v2\/media\/27927"}],"wp:attachment":[{"href":"https:\/\/protectionmobile.com.ar\/index.php?rest_route=%2Fwp%2Fv2%2Fmedia&parent=27861"}],"wp:term":[{"taxonomy":"product_brand","embeddable":true,"href":"https:\/\/protectionmobile.com.ar\/index.php?rest_route=%2Fwp%2Fv2%2Fproduct_brand&post=27861"},{"taxonomy":"product_cat","embeddable":true,"href":"https:\/\/protectionmobile.com.ar\/index.php?rest_route=%2Fwp%2Fv2%2Fproduct_cat&post=27861"},{"taxonomy":"product_tag","embeddable":true,"href":"https:\/\/protectionmobile.com.ar\/index.php?rest_route=%2Fwp%2Fv2%2Fproduct_tag&post=27861"}],"curies":[{"name":"wp","href":"https:\/\/api.w.org\/{rel}","templated":true}]}}