{"id":27860,"date":"2024-10-15T08:27:05","date_gmt":"2024-10-15T06:27:05","guid":{"rendered":"https:\/\/protectionmobile.com.ar\/?product=cat-headphones"},"modified":"2024-10-20T01:27:37","modified_gmt":"2024-10-19T23:27:37","slug":"cat-headphones","status":"publish","type":"product","link":"https:\/\/protectionmobile.com.ar\/?product=cat-headphones","title":{"rendered":"CAT HEADPHONES"},"content":{"rendered":"<p>Auricular inal\u00e1mbrico CAT con dise\u00f1o de orejas de gato, ideal para los amantes de la moda y la tecnolog\u00eda. Con conexi\u00f3n Bluetooth 5.0, disfrutar\u00e1s de una experiencia de audio sin interrupciones a una distancia de hasta 10 metros. Sus luces LED en las orejas y costados a\u00f1aden un toque divertido y atractivo. Hasta 7 horas de reproducci\u00f3n continua, y se carga completamente en solo 2.5 horas<\/p>\n","protected":false},"excerpt":{"rendered":"<p>Auricular inal\u00e1mbrico CAT con dise\u00f1o de orejas de gato, ideal para los amantes de la moda y la tecnolog\u00eda. Con<\/p>\n","protected":false},"featured_media":27928,"template":"","meta":{"_joinchat":[]},"product_brand":[],"product_cat":[85,86],"product_tag":[111],"class_list":{"0":"post-27860","1":"product","2":"type-product","3":"status-publish","4":"has-post-thumbnail","6":"product_cat-auriculares","7":"product_cat-headphones","8":"product_tag-novedades","10":"first","11":"instock","12":"featured","13":"virtual","14":"product-type-simple"},"_links":{"self":[{"href":"https:\/\/protectionmobile.com.ar\/index.php?rest_route=\/wp\/v2\/product\/27860","targetHints":{"allow":["GET"]}}],"collection":[{"href":"https:\/\/protectionmobile.com.ar\/index.php?rest_route=\/wp\/v2\/product"}],"about":[{"href":"https:\/\/protectionmobile.com.ar\/index.php?rest_route=\/wp\/v2\/types\/product"}],"version-history":[{"count":3,"href":"https:\/\/protectionmobile.com.ar\/index.php?rest_route=\/wp\/v2\/product\/27860\/revisions"}],"predecessor-version":[{"id":28494,"href":"https:\/\/protectionmobile.com.ar\/index.php?rest_route=\/wp\/v2\/product\/27860\/revisions\/28494"}],"wp:featuredmedia":[{"embeddable":true,"href":"https:\/\/protectionmobile.com.ar\/index.php?rest_route=\/wp\/v2\/media\/27928"}],"wp:attachment":[{"href":"https:\/\/protectionmobile.com.ar\/index.php?rest_route=%2Fwp%2Fv2%2Fmedia&parent=27860"}],"wp:term":[{"taxonomy":"product_brand","embeddable":true,"href":"https:\/\/protectionmobile.com.ar\/index.php?rest_route=%2Fwp%2Fv2%2Fproduct_brand&post=27860"},{"taxonomy":"product_cat","embeddable":true,"href":"https:\/\/protectionmobile.com.ar\/index.php?rest_route=%2Fwp%2Fv2%2Fproduct_cat&post=27860"},{"taxonomy":"product_tag","embeddable":true,"href":"https:\/\/protectionmobile.com.ar\/index.php?rest_route=%2Fwp%2Fv2%2Fproduct_tag&post=27860"}],"curies":[{"name":"wp","href":"https:\/\/api.w.org\/{rel}","templated":true}]}}