{"id":27848,"date":"2024-10-15T08:27:03","date_gmt":"2024-10-15T06:27:03","guid":{"rendered":"https:\/\/protectionmobile.com.ar\/?product=templado-9d"},"modified":"2024-10-20T00:50:06","modified_gmt":"2024-10-19T22:50:06","slug":"templado-9d","status":"publish","type":"product","link":"https:\/\/protectionmobile.com.ar\/?product=templado-9d","title":{"rendered":"TEMPLADO 9D"},"content":{"rendered":"<p>\u00bfPor qu\u00e9 elegir un vidrio templado 9D para proteger tu celu? A diferencia del vidrio com\u00fan con dureza 9H, el 9D cubre completamente todos los bordes del celular; por lo tanto, el 100% de la superficie de la pantalla est\u00e1 protegida. Al igual que el vidrio com\u00fan, el 9D aguanta ca\u00eddas y rayones siempre y cuando su dureza sea de 9H.<\/p>\n","protected":false},"excerpt":{"rendered":"<p>\u00bfPor qu\u00e9 elegir un vidrio templado 9D para proteger tu celu? A diferencia del vidrio com\u00fan con dureza 9H, el<\/p>\n","protected":false},"featured_media":27935,"template":"","meta":{"_joinchat":[]},"product_brand":[],"product_cat":[83,81],"product_tag":[],"class_list":{"0":"post-27848","1":"product","2":"type-product","3":"status-publish","4":"has-post-thumbnail","6":"product_cat-9d","7":"product_cat-templados","9":"first","10":"instock","11":"virtual","12":"product-type-simple"},"_links":{"self":[{"href":"https:\/\/protectionmobile.com.ar\/index.php?rest_route=\/wp\/v2\/product\/27848","targetHints":{"allow":["GET"]}}],"collection":[{"href":"https:\/\/protectionmobile.com.ar\/index.php?rest_route=\/wp\/v2\/product"}],"about":[{"href":"https:\/\/protectionmobile.com.ar\/index.php?rest_route=\/wp\/v2\/types\/product"}],"version-history":[{"count":3,"href":"https:\/\/protectionmobile.com.ar\/index.php?rest_route=\/wp\/v2\/product\/27848\/revisions"}],"predecessor-version":[{"id":28452,"href":"https:\/\/protectionmobile.com.ar\/index.php?rest_route=\/wp\/v2\/product\/27848\/revisions\/28452"}],"wp:featuredmedia":[{"embeddable":true,"href":"https:\/\/protectionmobile.com.ar\/index.php?rest_route=\/wp\/v2\/media\/27935"}],"wp:attachment":[{"href":"https:\/\/protectionmobile.com.ar\/index.php?rest_route=%2Fwp%2Fv2%2Fmedia&parent=27848"}],"wp:term":[{"taxonomy":"product_brand","embeddable":true,"href":"https:\/\/protectionmobile.com.ar\/index.php?rest_route=%2Fwp%2Fv2%2Fproduct_brand&post=27848"},{"taxonomy":"product_cat","embeddable":true,"href":"https:\/\/protectionmobile.com.ar\/index.php?rest_route=%2Fwp%2Fv2%2Fproduct_cat&post=27848"},{"taxonomy":"product_tag","embeddable":true,"href":"https:\/\/protectionmobile.com.ar\/index.php?rest_route=%2Fwp%2Fv2%2Fproduct_tag&post=27848"}],"curies":[{"name":"wp","href":"https:\/\/api.w.org\/{rel}","templated":true}]}}