{"id":27806,"date":"2024-10-14T22:58:58","date_gmt":"2024-10-14T20:58:58","guid":{"rendered":"https:\/\/protectionmobile.com.ar\/?post_type=product&#038;p=27806"},"modified":"2024-10-20T00:56:05","modified_gmt":"2024-10-19T22:56:05","slug":"funda-flip-cover","status":"publish","type":"product","link":"https:\/\/protectionmobile.com.ar\/?product=funda-flip-cover","title":{"rendered":"FUNDA FLIP COVER"},"content":{"rendered":"<p>\u00abEl Flip Cover cuenta con tapa para proteger la pantalla de tu celular, manteni\u00e9ndola libre de rayones y suciedad.<br \/>\nOfrece una protecci\u00f3n completa para tu celular en el d\u00eda a d\u00eda.<br \/>\nEsta funda es ideal para mantener tu dispositivo seguro\u00bb<\/p>\n","protected":false},"excerpt":{"rendered":"<p>\u00abEl Flip Cover cuenta con tapa para proteger la pantalla de tu celular, manteni\u00e9ndola libre de rayones y suciedad. Ofrece<\/p>\n","protected":false},"featured_media":27950,"template":"","meta":{"_joinchat":[]},"product_brand":[],"product_cat":[80,74],"product_tag":[],"class_list":{"0":"post-27806","1":"product","2":"type-product","3":"status-publish","4":"has-post-thumbnail","6":"product_cat-flip-cover","7":"product_cat-fundas","9":"first","10":"instock","11":"virtual","12":"product-type-simple"},"_links":{"self":[{"href":"https:\/\/protectionmobile.com.ar\/index.php?rest_route=\/wp\/v2\/product\/27806","targetHints":{"allow":["GET"]}}],"collection":[{"href":"https:\/\/protectionmobile.com.ar\/index.php?rest_route=\/wp\/v2\/product"}],"about":[{"href":"https:\/\/protectionmobile.com.ar\/index.php?rest_route=\/wp\/v2\/types\/product"}],"version-history":[{"count":2,"href":"https:\/\/protectionmobile.com.ar\/index.php?rest_route=\/wp\/v2\/product\/27806\/revisions"}],"predecessor-version":[{"id":28456,"href":"https:\/\/protectionmobile.com.ar\/index.php?rest_route=\/wp\/v2\/product\/27806\/revisions\/28456"}],"wp:featuredmedia":[{"embeddable":true,"href":"https:\/\/protectionmobile.com.ar\/index.php?rest_route=\/wp\/v2\/media\/27950"}],"wp:attachment":[{"href":"https:\/\/protectionmobile.com.ar\/index.php?rest_route=%2Fwp%2Fv2%2Fmedia&parent=27806"}],"wp:term":[{"taxonomy":"product_brand","embeddable":true,"href":"https:\/\/protectionmobile.com.ar\/index.php?rest_route=%2Fwp%2Fv2%2Fproduct_brand&post=27806"},{"taxonomy":"product_cat","embeddable":true,"href":"https:\/\/protectionmobile.com.ar\/index.php?rest_route=%2Fwp%2Fv2%2Fproduct_cat&post=27806"},{"taxonomy":"product_tag","embeddable":true,"href":"https:\/\/protectionmobile.com.ar\/index.php?rest_route=%2Fwp%2Fv2%2Fproduct_tag&post=27806"}],"curies":[{"name":"wp","href":"https:\/\/api.w.org\/{rel}","templated":true}]}}