{"id":27798,"date":"2024-10-14T22:49:49","date_gmt":"2024-10-14T20:49:49","guid":{"rendered":"https:\/\/protectionmobile.com.ar\/?post_type=product&#038;p=27798"},"modified":"2024-10-20T00:57:39","modified_gmt":"2024-10-19T22:57:39","slug":"funda-soft-color","status":"publish","type":"product","link":"https:\/\/protectionmobile.com.ar\/?product=funda-soft-color","title":{"rendered":"FUNDA SOFT COLOR"},"content":{"rendered":"<p>Las Fundas Soft Color son las cl\u00e1sicas, las de siempre, dise\u00f1adas especialmente para proteger al m\u00e1ximo tu celular. Con refuerzos que absorben los impactos, ofrecen una suavidad al tacto que encantar\u00e1 a todos.<\/p>\n","protected":false},"excerpt":{"rendered":"<p>Las Fundas Soft Color son las cl\u00e1sicas, las de siempre, dise\u00f1adas especialmente para proteger al m\u00e1ximo tu celular. Con refuerzos<\/p>\n","protected":false},"featured_media":27956,"template":"","meta":{"_joinchat":[]},"product_brand":[],"product_cat":[74,76],"product_tag":[],"class_list":{"0":"post-27798","1":"product","2":"type-product","3":"status-publish","4":"has-post-thumbnail","6":"product_cat-fundas","7":"product_cat-soft-color","9":"first","10":"instock","11":"virtual","12":"product-type-simple"},"_links":{"self":[{"href":"https:\/\/protectionmobile.com.ar\/index.php?rest_route=\/wp\/v2\/product\/27798","targetHints":{"allow":["GET"]}}],"collection":[{"href":"https:\/\/protectionmobile.com.ar\/index.php?rest_route=\/wp\/v2\/product"}],"about":[{"href":"https:\/\/protectionmobile.com.ar\/index.php?rest_route=\/wp\/v2\/types\/product"}],"version-history":[{"count":3,"href":"https:\/\/protectionmobile.com.ar\/index.php?rest_route=\/wp\/v2\/product\/27798\/revisions"}],"predecessor-version":[{"id":28463,"href":"https:\/\/protectionmobile.com.ar\/index.php?rest_route=\/wp\/v2\/product\/27798\/revisions\/28463"}],"wp:featuredmedia":[{"embeddable":true,"href":"https:\/\/protectionmobile.com.ar\/index.php?rest_route=\/wp\/v2\/media\/27956"}],"wp:attachment":[{"href":"https:\/\/protectionmobile.com.ar\/index.php?rest_route=%2Fwp%2Fv2%2Fmedia&parent=27798"}],"wp:term":[{"taxonomy":"product_brand","embeddable":true,"href":"https:\/\/protectionmobile.com.ar\/index.php?rest_route=%2Fwp%2Fv2%2Fproduct_brand&post=27798"},{"taxonomy":"product_cat","embeddable":true,"href":"https:\/\/protectionmobile.com.ar\/index.php?rest_route=%2Fwp%2Fv2%2Fproduct_cat&post=27798"},{"taxonomy":"product_tag","embeddable":true,"href":"https:\/\/protectionmobile.com.ar\/index.php?rest_route=%2Fwp%2Fv2%2Fproduct_tag&post=27798"}],"curies":[{"name":"wp","href":"https:\/\/api.w.org\/{rel}","templated":true}]}}